?
17
Let f = 69 + -65. What is the greatest common factor of 28 and f?
4
Let t be (-42)/(-6) + (1 - 2). Suppose -t*a + a = -65. Calculate the greatest common divisor of 52 and a.
13
Let s be 34/(-255) - (-227)/15. Let d be 2/7 + (-40)/(-7). Calculate the highest common divisor of s and d.
3
Let u(r) = 4*r**2 + r - 12. Let l be u(-6). Calculate the greatest common divisor of l and 14.
14
Suppose 124 = 5*m + 104. What is the greatest common divisor of 20 and m?
4
Suppose -4*y + 5*l = y - 35, 3*l - 6 = 0. Calculate the greatest common factor of y and 18.
9
Suppose 0*n = n - 341. What is the greatest common factor of 31 and n?
31
Let s = 17 - 28. Let m = s - -26. Suppose 0 = -f + j + 15, 0 = -2*f + 4*j - m + 51. What is the highest common factor of f and 12?
12
Let o = 77 + -59. Calculate the highest common factor of o and 486.
18
Let y = 165 + -112. Calculate the highest common factor of 265 and y.
53
Let d(s) = 3*s**2 + s + 1. Let g be d(-2). What is the highest common divisor of g and 121?
11
Let q(m) = -23*m - 4. Let f be q(-5). Suppose -3*n + f = 9. Suppose t + 4*t = -s + n, 2*s - 56 = -4*t. What is the highest common divisor of s and 6?
6
Suppose 0*n + 12 = 3*n. Suppose -n*m = -23 + 7. Let s = -2 - -4. Calculate the greatest common factor of m and s.
2
Suppose 0 = -5*j - 7 - 3. Let v(h) = h**2 - 2*h - 2. Let s be v(j). Let a = s - -3. What is the highest common divisor of 27 and a?
9
Let g be (-8)/(-36) + 183/27. Let z = 9 - g. What is the greatest common divisor of z and 8?
2
Let t be 3/(-15) - 21/(-5). Calculate the highest common factor of t and 4.
4
Let s = 279 - 188. What is the greatest common factor of s and 13?
13
Let u be (-4)/(-6) - 24*(-10)/45. What is the greatest common factor of 42 and u?
6
Let w = -13 + 29. What is the greatest common factor of 2 and w?
2
Let u be (-1)/1*-91*3. Let q = -163 + u. Calculate the greatest common factor of q and 22.
22
Suppose f - 34 = -0*f + 2*a, -4*f + 91 = a. What is the greatest common factor of 6 and f?
6
Suppose -36 = -c - 5*g, -5 - 18 = -3*c + 2*g. Let k be 6/(-27) + 1588/18. Calculate the highest common factor of c and k.
11
Suppose h + 31 = 2*b, 0*b + 4*h - 16 = -2*b. Calculate the greatest common factor of 42 and b.
14
Suppose 3*k - 2 = 5*k. Let z be (0/k)/(1 + -2). Suppose 4*p + 5*x = 381, 5*p - 3*x + x - 501 = z. What is the greatest common divisor of p and 9?
9
Let c(w) = 4*w**2 - 4*w - 5. Let q be c(-4). Suppose -3*d = -2*d + 2, 36 = 2*l - 3*d. Calculate the highest common divisor of q and l.
15
Suppose 3*j + 5 = 2*j, 17 = -2*s - 5*j. Suppose -3*p = d - 12 - 3, -5*p - s*d + 25 = 0. What is the greatest common divisor of p and 25?
5
Let l = 92 + -176. Let h be -4 + -1 - (-1)/1. Let y be h/(-10) - l/15. Calculate the greatest common divisor of 6 and y.
6
Suppose -f + 18 = 3*y - 4*f, -3*f - 9 = 0. Suppose 76 = z - y*z. Let b = z + 68. What is the greatest common factor of 20 and b?
10
Let t be ((-8)/(-6))/(6/9). Suppose 4 = 4*o - t*o. Suppose g = -o*g + 102. Calculate the greatest common factor of g and 51.
17
Let v be (2 + 0)/(-2) - -3. Let w = 2 + 3. Suppose 4*z - 7 = 4*n + 33, -5*n = w*z. What is the highest common divisor of v and z?
1
Suppose 18 = l - 0*l - r, 2*l - r = 38. What is the highest common divisor of 60 and l?
20
Let x(u) = 2*u**2 - 24*u + 9. Let k be x(13). What is the highest common factor of k and 7?
7
Let x be -1 + 48 + 0/1. Let c = x + -5. Calculate the highest common divisor of 6 and c.
6
Let t(v) = v**3 - 8*v**2 - 8*v - 7. Let c be t(9). Suppose -220 = -3*m - c*m. Calculate the highest common factor of m and 11.
11
Let s = -46 + 64. Calculate the greatest common factor of 6 and s.
6
Let u be 30/(-5)*(-12)/9. Let t(o) = -o**2 + 4*o + 7. Let y be t(5). Let s be 19 - (1 - 4/y). Calculate the greatest common divisor of u and s.
4
Suppose 5*g = -3*p + 5, -g - 3*p = -0*p + 11. Calculate the highest common factor of g and 6.
2
Let i(u) be the second derivative of -u**5/20 - u**4/2 - 5*u**3/6 + 3*u**2 + 3*u. Let q be i(-6). What is the greatest common divisor of q and 24?
12
Suppose 2*n + 320 = 6*n. Calculate the highest common divisor of n and 32.
16
Let y = -12 + 16. What is the greatest common divisor of y and 10?
2
Suppose 4*f - 6 = 10. Suppose -2 = -2*l + f. Calculate the greatest common divisor of l and 1.
1
Suppose 2*n - 3 = 3. Let p be ((-13)/n)/(3/(-9)). Calculate the highest common factor of p and 26.
13
Suppose -4*y - 39 + 423 = 0. Let s(r) = -r**3 + 5*r**2 - 4. Let d be (-34)/(-8) + 2/(-8). Let m be s(d). Calculate the highest common factor of m and y.
12
Let y = -43 - -80. What is the highest common divisor of 333 and y?
37
Let d be -3 + -3 + (6 - -2). Suppose d*s - 3*t = 5*s - 39, -2*s + 32 = -4*t. What is the greatest common factor of s and 70?
14
Suppose 0 = -5*r + 42 + 3. What is the greatest common factor of r and 9?
9
Let n be 219/2 - (-1)/2. Calculate the greatest common factor of 10 and n.
10
Suppose 6 + 1 = 7*l. Calculate the highest common divisor of 7 and l.
1
Suppose 5*r = -4*y - 184 + 568, y = -4. Let m be 24/10*r/24. What is the highest common factor of m and 20?
4
Let s be -6*(-4 - (-3)/(-2)). What is the greatest common divisor of s and 11?
11
Suppose -4*k + 32 + 16 = 0. Calculate the highest common divisor of 108 and k.
12
Let z = 29 - -4. What is the greatest common divisor of 11 and z?
11
Let b(m) = -m**3 + 10*m**2 + 3*m + 8. Let l be b(8). What is the greatest common factor of l and 20?
20
Let s(k) = -2*k**2 - 34*k - 48. Let o be s(-14). Suppose 3*y - 60 = -3*p - p, 3*y - 24 = -p. Calculate the highest common divisor of o and p.
12
Let x = -10 - -13. Let c = -6 - -4. Let m = 0 - c. What is the greatest common divisor of m and x?
1
Let u(q) = -q**2 + 4*q + 4. Let v be u(4). Let p = v + 18. Calculate the greatest common divisor of 66 and p.
22
Let j be (48/4)/(-3) - -24. Calculate the greatest common factor of j and 10.
10
Let i(r) = 3*r - 7. Let j(g) = g**3 - 2*g**2 - 2*g + 4. Let c be j(3). Let o be i(c). Calculate the greatest common divisor of o and 35.
7
Let u(v) = v + 176. Let j be u(0). Let h be ((-104)/(-65))/((-2)/(-20)). Calculate the greatest common divisor of h and j.
16
Let u(q) = q - 2. Let s = -9 + 15. Let d be u(s). Let m be d*(2 + 9/(-6)). Calculate the greatest common divisor of m and 2.
2
Let q = 4 - -12. What is the greatest common divisor of 8 and q?
8
Let z(y) = -2*y - 1. Let w be z(-3). Suppose 0 = 4*f - w*f + 10. Let l be (2/(-6))/(1/(-207)) - -1. What is the highest common factor of f and l?
10
Let m(c) be the third derivative of -c**4/8 - c**3/3 - 2*c**2. Let f be m(-2). What is the highest common divisor of f and 20?
4
Let j(u) = -3*u**2 + 7*u + 6. Let g(z) = 4*z**2 - 7*z - 7. Let s(y) = -4*g(y) - 5*j(y). Let t be s(-5). Calculate the greatest common divisor of t and 16.
8
Let g = -49 - -51. Let x be (2 - (-8)/3)*3. What is the highest common divisor of x and g?
2
Suppose -3*k = r - 6*r - 95, 0 = -k + 4*r + 41. Let f = 17 + k. Let g = -23 + 44. Calculate the highest common factor of f and g.
21
Let x be 1/((-1)/(-4))*-8. Suppose -5*m + 49 = -451. Let s = x + m. What is the highest common factor of 17 and s?
17
Let j(o) = 32*o - 40. Let l be j(3). Let v(d) = d**2 + 5*d + 5. Let k be v(-4). Let m be 6 + (1 - (0 - k)). What is the highest common divisor of l and m?
8
Suppose 3*j - 7*j + 1144 = 0. Calculate the greatest common divisor of j and 26.
26
Let i(w) = 15*w**2 - 3*w + 1. Let y(j) = -31*j**2 + 7*j - 2. Let v(g) = 5*i(g) + 2*y(g). Let q be v(1). Calculate the highest common divisor of q and 117.
13
Suppose 3*l = 5*m - 68, -2*m + 3*l - 5*l + 40 = 0. What is the highest common factor of m and 16?
16
Let t = 11 + 4. Calculate the highest common divisor of t and 90.
15
Suppose 0 = 2*b + 4*h - 2*h - 28, h + 36 = 4*b. Suppose w + 31 = 3*i, -7*w + 2*w - 5 = 0. What is the highest common divisor of b and i?
10
Let n = -36 - -50. Let q be (2 + (-5)/2)*-306. Suppose q = 4*g + 41. Calculate the highest common divisor of g and n.
14
Let k(l) = -19*l - 1. Let b be k(-3). Calculate the highest common divisor of b and 7.
7
Suppose -t - 4*t + 315 = 0. Calculate the highest common divisor of t and 7.
7
Let h = 34 + 13. Suppose 0 = 4*v + 4*r - 28, 5*v + r - h = -r. What is the highest common divisor of 77 and v?
11
Suppose -4